 -4*b + 491 + g. Is b a prime number?
False
Let f(o) be the third derivative of -337*o**4/4 + o**3/6 - 27*o**2. Is f(-2) composite?
True
Suppose 15*q - 109042 + 6442 = 0. Suppose -1637 = -7*v + q. Is v composite?
True
Suppose 17*p - 22*p = -30. Is p/(-10) + (-287914)/(-115) prime?
True
Let o(v) = 11*v - 9. Let w(m) = -m - 3. Let x be w(-4). Let c be o(x). Suppose -5*a + 2*r = 7*r - 4510, 4*a - 3602 = c*r. Is a a composite number?
True
Suppose -2*s = 2*k - 64, 76 = 2*s + 3*k + 8. Suppose -s*o + 212861 = -36311. Is o composite?
True
Let t(o) = 37*o**2 + 2 + 1 - 18*o + 701*o**2 + 8*o. Suppose 0 = -5*y + 10, 5*g - 6 = 5*y - 3*y. Is t(g) a prime number?
False
Let f be -54*(0 + 3*6/36). Let k(p) = -61*p**3 + p**2 + p - 1. Let j be k(1). Is 97870/18 - (-2 + j/f) prime?
True
Let w(k) = 9 + 210*k**2 + 94*k**2 + 12*k + 3. Let o be w(-5). Suppose 2*v - 4*a - 1214 = 1796, -a = -5*v + o. Is v a composite number?
False
Is 755816/((5 + -197)/(-24)) prime?
True
Let q(u) = -141*u - 50. Let d be q(-12). Suppose j - d = 649. Is j a composite number?
True
Let l = 39559 + 246798. Is l a composite number?
True
Let i = -5159994 - -7554115. Is i prime?
True
Suppose 0 = -4*s + 6126 + 198. Suppose -4*p + 583 = -s. Let f = -102 + p. Is f composite?
False
Let b(r) = -5177*r - 4825. Is b(-52) prime?
False
Is 3/3 + ((-42)/9 + 5)*189234 a prime number?
True
Let d(h) = 2145*h - 2092. Is d(51) composite?
True
Let y(u) = 18*u**2 + 7. Suppose -3*x - 30 = 5*d + 13, 3*d = x + 19. Let l(c) = -c**2 - 15*c + 12. Let f be l(x). Is y(f) composite?
True
Let s = 36195 - 16346. Is s prime?
False
Let t = 245 - 96. Suppose -t*g = -155*g + 11082. Is g a composite number?
False
Suppose -161*d - 12240 = -4*h - 157*d, 15309 = 5*h + 4*d. Let l = 5940 - h. Is l prime?
True
Suppose 4*k = -2*w + 216694, 5*k = 10 - 0. Is w composite?
False
Suppose -6*q + 7*v = -11*q + 542857, 0 = -4*q + 5*v + 434328. Is q composite?
True
Let x be 69/(-2)*(-10)/(-15). Let a = -23 - x. Suppose 16*i - 1648 = -a*i. Is i a composite number?
False
Let n(z) = 222*z - 61. Let y be n(9). Let j = 3186 - y. Is j a prime number?
True
Let o be (-1312)/(-72) - 4/18. Suppose -o*v = 8*v - 962. Is v a prime number?
True
Let n(b) = 896*b**2 - 40*b + 73. Is n(14) a composite number?
False
Let h(a) = 238*a**3 - 2*a**2 - 3*a + 19. Let m be 3/(0 - 1)*(-7)/7. Is h(m) composite?
True
Suppose 16*h - 8853461 = -379403 + 4010534. Is h composite?
False
Suppose -70*q = -463*q + 39873387. Is q a prime number?
False
Let i(t) = -5*t + 8*t**3 - 113*t**2 + 2*t**3 + t + 1 + 5*t**3 + 107*t**2. Is i(4) a composite number?
True
Let q(z) = -443*z + 723. Let d(y) = 88*y - 145. Let a(h) = 11*d(h) + 2*q(h). Is a(25) a prime number?
True
Let m = -80950 + 177573. Is m a prime number?
False
Let g be 4/(-32) + 100/32 + 2. Let d be (4 - (-2 + g))*0. Suppose d*z + 2*z + 4 = 0, 4*z = 4*b - 5764. Is b a prime number?
True
Suppose 4*a = -2*c - 416, 0 = -3*c + 5*c + 3*a + 418. Is (3/(-4))/(3/c) composite?
False
Suppose 0 = 2*b - 4*k - 19858, 15 = -k + 17. Let f = -5671 + b. Is f a prime number?
False
Suppose -144*m + 148*m = 3*w + 423172, -4*m = 4*w - 423172. Is m composite?
True
Let s(d) = -d**2 + 4*d + 46. Let u be s(-5). Is u - (-2 + -4) - -16780 a prime number?
True
Suppose 18*y - 2114617 = 965885. Is y a prime number?
False
Suppose d = 3*b + 15311 + 34426, 3*d - 149187 = 5*b. Is d composite?
True
Let v(b) = 37*b**2 - 19*b - 46. Let d be v(17). Let u = -2919 + d. Is u a prime number?
False
Let c = 10362 + -7019. Suppose -a + c = 2*r, -11156 + 1121 = -3*a - 3*r. Is a a prime number?
True
Let p(g) = -4393*g + 4. Let l be p(-2). Suppose 4094 = 4*z - l. Is z a composite number?
False
Let b(q) = -2*q**3 - 34*q**2 + 3. Let u be b(-17). Suppose -451 = -u*r + 3200. Is r prime?
True
Suppose -3*x + 4*p = 46, -5*x + p - 4*p - 125 = 0. Suppose 0 = -20*u + 72 - 372. Let v = u - x. Is v a prime number?
True
Suppose 669 = 2*h - 1939. Let x = -8 + 0. Is (4/x + 2)*h/12 prime?
True
Let p = 6 - 3. Suppose -4*w + 17 = 2*g + 3, 9 = 4*w - p*g. Suppose -2*k - 1637 = -w*k. Is k composite?
False
Suppose -30*a + 26*a - 4*k = -761948, -3*a + 571475 = -4*k. Is a prime?
False
Is 54511125/90 + 4/(-24) - -8 composite?
False
Suppose x = -309 - 118. Let f = 1170 - x. Is f a composite number?
False
Is (-2807439)/((-14 - 5) + 16) composite?
False
Let q(l) = l + 4. Let z be q(-19). Is 22372 - (z/(-6))/((-11)/(-22)) a prime number?
True
Suppose -s = -3*s + 4192. Suppose 0 = -2*v + 15026 + s. Is v composite?
True
Let u(h) = -9*h - 38. Let q be u(-6). Suppose q*a - 11*a = 25. Suppose 3*n - 2*x = 3123, 2*n - 3*n - a*x + 1024 = 0. Is n a prime number?
True
Suppose 4*a + 554444 = 4*i, 51*i - 277202 = 49*i - 3*a. Is i composite?
True
Suppose 3*d + 428965 + 23987 = 3*v, 150994 = v - 3*d. Is v prime?
True
Let u(r) = 2*r - 12. Let m be u(8). Let j be m + 2*2/4. Suppose -j*z + 13672 = 3*z. Is z prime?
True
Let b be (2/(-4))/(2 - 135/66). Let n be 4/(-2) - (-15 + b). Is 2577/n*5*2/15 composite?
False
Let i(p) = -14*p**2 - 20. Let y be i(-10). Let n = -1010 - y. Suppose 4*k - n = 394. Is k a composite number?
True
Let k(d) = d**3 - 9*d**2 + 9*d + 55. Let i be k(26). Let g = i - 5396. Is g prime?
False
Let t = 1452137 - 30368. Is t composite?
True
Suppose 2*u = o + 15, 0 = o + 2*o - 9. Let i = u + -10. Is (2 + (-902)/8)/(i/4) composite?
False
Let b(a) be the third derivative of 7*a**6/120 + a**5/30 - a**4/24 - a**3/3 - 7*a**2. Let c be b(-1). Let r = c - -428. Is r composite?
True
Suppose -3084 = 261*y - 267*y. Let n = 497 + -704. Let c = y + n. Is c a prime number?
True
Let t(s) = -16*s**3 + 8*s**2 - 11*s + 4. Suppose -125*c + 104*c = 63. Is t(c) a composite number?
False
Suppose 5*m - 278 = 17. Let i = m + -20. Is i a composite number?
True
Suppose -5*d + 11994 = -10286. Suppose 5*p - d - 5741 = 2*f, -f + 4077 = 2*p. Is p composite?
False
Suppose 112091 = 2*f + 1485*b - 1488*b, f - 3*b = 56038. Is f a composite number?
False
Let p be -8*-1*(-4 - (-126)/8). Let s = p + 364. Is s a composite number?
True
Let n = -86 - -90. Suppose -4*m - 24893 = -n*p - p, 0 = 3*p - 3*m - 14934. Is p a prime number?
False
Let f(m) be the first derivative of m**5/4 - m**4/24 + 9*m**2 + 2. Let w(h) be the second derivative of f(h). Is w(1) a prime number?
False
Suppose -125*m + 2379526 = -10839599. Is m a composite number?
True
Is ((-8880110)/50)/((-3)/15) composite?
False
Let k(v) = 41*v**2 + 5*v + 5. Suppose 0 = -4*s + 11 + 13. Suppose 3*a - s*a = 12. Is k(a) a prime number?
True
Let w be (72 - 0)*267/9 + 2. Let k = -396 + w. Let a = 2839 - k. Is a prime?
True
Suppose 0 = 13*q - 10*q - 3. Is (-3 + (-445 - -2))*q/(-2) a prime number?
True
Suppose -2*w + 13752 = t - 58, 4*t - 4*w = 55312. Is t a composite number?
True
Let x = 15337 + 104508. Suppose -4*r = 5*c - x + 24389, -3*r = -4*c - 71623. Is r composite?
False
Suppose 32 = 10*s - 2*s. Suppose -35 = -j - s*j. Is (j + -4 + -2)/(1/541) a prime number?
True
Let g = 102 - 102. Let z be (5/(-25)*g)/1. Suppose 5*o + z*a + a = 1540, -5*a = 3*o - 946. Is o composite?
False
Is (-92)/368 - 1173754/(-8) composite?
False
Let i(r) be the third derivative of -55*r**4/12 - r**3 + 4*r**2. Let c be i(-2). Suppose -h - j - c = -2*h, -4*h + 853 = -3*j. Is h a prime number?
True
Suppose 4*m - 5*c - 661050 - 2624063 = 0, 0 = 4*m - 2*c - 3285134. Is m a prime number?
False
Let t = 306 - 277. Is (7/2)/(t/48082) a prime number?
False
Let j = 257782 + -140032. Suppose 0 = a - 2*q - 23564, 5*a + 3*q + q = j. Is a prime?
False
Suppose 3592428 + 296655 = 43*h - 10*h. Is h prime?
True
Suppose -3*k = -18 + 6. Suppose -3*q = q - 4*h + 8, 0 = -k*q + 2*h. Is ((-37)/q)/(1/(-26)) a prime number?
False
Suppose 166727 = 3*i + 5*u, -166743 = -3*i + 64*u - 61*u. Is i a composite number?
False
Let t = -93 - -111. Let x be 44780/6 + t/27. Is (-2 + 3/(-9))/((-8)/x) prime?
False
Suppose 165*l - 8320245 = -300*l. Is l prime?
False
Suppose 5*s = 2*j + 2*j + 269, -2*s + 109 = -3*j. Let d(b) = 11*b + 2*b - 35*b - s - 37*b. Is d(-21) a composite number?
True
Let v be 4833/12*(-5 - -1 - 0). Let x = -1122 - v. Is x composite?
True
Suppose -5*g + 1 + 9 = 0. Let j(s) = -11*s - g + 0 + 35*s. Is j(7) composite?
True
Let v = 232119 + 52222. Is v a prime number?
True
Let x(d) = 90*d**2 - 59*d + 321. Is x(6) a composite number?